divisor of s and m?
22
Let x(k) = k**2 - 5*k + 2. Let w be x(3). Let g be ((-7)/2)/(w/24). Suppose 3*t + 2*m - 12 = 5*m, 3*m = -t. What is the highest common factor of g and t?
3
Let r be 1*2*(-468)/(-24). Calculate the highest common factor of 52 and r.
13
Let x(j) = 2*j + 12. Let v be x(6). What is the highest common factor of v and 16?
8
Let q be (3 - 1)*(2 - -4). Suppose -q = -2*c + c. Calculate the greatest common divisor of c and 84.
12
Suppose -6*k + 2*k = -192. Calculate the highest common divisor of 24 and k.
24
Suppose 0 = -2*u - 2*u + 80. Let w = 28 - 14. Let s = w - 6. Calculate the greatest common divisor of u and s.
4
Let h = 150 - 131. What is the highest common divisor of 209 and h?
19
Let v(w) = 5 - 24*w - 1 - 2. Let z be v(-4). Let d(x) = 7*x - 7. Let f be d(3). What is the highest common factor of z and f?
14
Let t(j) = -j**3 - 1. Let g be t(-2). Let r(b) be the first derivative of 15*b**2/2 - 2*b + 1. Let u be r(2). Calculate the highest common divisor of u and g.
7
Let u be (11 - -1)*(0 + 3). What is the highest common divisor of 288 and u?
36
Let p(j) be the third derivative of 3*j**5/10 - j**4/24 - j**3/3 - 3*j**2. Let m be p(-2). Calculate the greatest common divisor of 8 and m.
8
Suppose -2*h - 30 = 3*h. Let g be (225/h)/((-6)/8). Calculate the highest common factor of 20 and g.
10
Let l(x) = -x**2 + 2*x + 11. Let a be l(4). What is the highest common factor of 15 and a?
3
Suppose -26 - 79 = -5*t. Let m = 45 - t. What is the highest common factor of 16 and m?
8
Let x(a) = -7*a + 3. Let b be x(-3). Let y be b + 3 + -1 + 2. Calculate the greatest common factor of 7 and y.
7
Suppose -3*w = -6*z + 2*z - 28, 2*z - 5*w = 0. Let f be (-212)/(-20) + (-4)/z. What is the greatest common divisor of f and 22?
11
Suppose 3*u - 7 = 2*u. Calculate the highest common factor of 77 and u.
7
Suppose -2*b - 2*b = -8. Suppose -2*m = -0 - 8. Suppose 3*n = n - m*a + 26, a + 26 = b*n. What is the highest common divisor of 13 and n?
13
Let o be 535/25 - (-4)/(-10). What is the greatest common divisor of 21 and o?
21
Let o be 1/4*45*(3 - -1). Suppose 0*v = -v + 2. Suppose -4*x - 3*a + 4*a + 16 = 0, -3*x + 23 = v*a. Calculate the highest common factor of o and x.
5
Let t be (-3)/((-9)/6)*1. Let l be (-7 - -5) + 28/t. Let f be ((-8)/6)/(2/(-12)). Calculate the greatest common factor of f and l.
4
Let f(t) = 21*t**2 - 3*t - 2. Let a be f(-2). Let s = a - 48. Let m = 0 - -20. What is the highest common divisor of s and m?
20
Let q be (2 - 8)*1/(-3). Suppose -q*s - 19 - 41 = -4*h, 4*h = -s + 48. Calculate the greatest common factor of 117 and h.
13
Let r(j) = 2*j**2 - 26*j + 7. Let g be r(13). Calculate the highest common factor of 14 and g.
7
Let w be (4/(-10))/((-2)/(-50)). Let o be (12/15)/((-2)/w). Calculate the greatest common divisor of o and 1.
1
Let t(b) = 10*b**2 - 2*b + 1. Suppose -4*k + 3 = -k. Let c be t(k). Calculate the highest common divisor of 81 and c.
9
Let c be 2 + (-2 - -1) + 8. Calculate the highest common divisor of c and 9.
9
Suppose g + 4*z - 12 = 0, 0*g + 5*g + 4*z = -20. Let k be (g/(-2))/((-21)/(-84)). Calculate the highest common divisor of k and 40.
8
Suppose -92 = -3*s + 97. Let x be ((-27)/(-36))/(1/12). Calculate the greatest common divisor of s and x.
9
Suppose 0 = l + 3*n, -2*l + 20 = -l - 2*n. Suppose l = 2*c - 0. What is the highest common divisor of 6 and c?
6
Let s = -1 + 4. Suppose -2 = -s*k + 13. Calculate the highest common factor of k and 40.
5
Let w = 15 + 29. Let f = 4 - 0. Calculate the highest common divisor of w and f.
4
Suppose k - 31 = 8. Let u = k + -11. Suppose 2*h - 3*l - 55 = 0, -2*l + 2 - u = -h. What is the highest common divisor of 8 and h?
8
Let k be (-2)/4 - 1755/(-30). Suppose -4*t = -k - 110. Calculate the greatest common factor of 21 and t.
21
Suppose 9 = -4*d + 117. What is the greatest common factor of d and 216?
27
Let j(x) = -6*x - 2. Let z = -2 - 2. Let u be j(z). What is the highest common factor of u and 198?
22
Let i(j) = -j**2 - 16*j - 18. Let u be i(-14). Suppose 0 = -t + 1 + u. What is the highest common factor of 11 and t?
11
Suppose 9 = 4*h - h. Suppose 4*t + 80 = 2*a - 4, 4*t - 60 = -2*a. Suppose h*u - a = u. Calculate the greatest common divisor of u and 12.
6
Suppose 16 = -k + 4*r, 3*k + 0*k + 30 = 3*r. Let i = k - -20. Let z = -4 + 10. Calculate the highest common factor of i and z.
6
Let c(v) = 3*v**2 + 3*v - 4. Let d be c(-3). Calculate the highest common divisor of 21 and d.
7
Suppose f = 4*c + 2*f - 118, -5*c + 146 = 2*f. Suppose 40 = m + m. What is the greatest common divisor of c and m?
10
Let p(b) = -b**3 - 11*b**2 + 8*b - 10. Let m be p(-12). What is the greatest common factor of 95 and m?
19
Suppose -3*i + 137 = -2*x, 0*x - x = -i + 44. Let k = 32 - i. Let v = 26 + k. Calculate the highest common divisor of v and 18.
9
Suppose 2*f + 3435 = -f. Let v be f/(-15) - 4/(-6). Calculate the greatest common factor of 11 and v.
11
Suppose -a = -3*o + 13, 2*o = -2*a - 2*o + 24. Calculate the greatest common divisor of a and 12.
2
Let s = 122 + -107. What is the highest common factor of 20 and s?
5
Let w(c) = -c + 1. Let l(j) = -j**3 + 5*j**2 + 3*j - 7. Let h(q) = -l(q) - 4*w(q). Let a be h(5). What is the greatest common factor of a and 72?
8
Let s = 2 + -4. Let z = s - -6. Suppose 0 = -5*a + b + 717, -a - z*a + 729 = 3*b. Calculate the highest common factor of 16 and a.
16
Suppose -i + 14 = -0*i. Let g = 2 + -2. Suppose 2*n - 4*n + 112 = g. Calculate the greatest common divisor of i and n.
14
Let y(c) = -c**2 - 8*c + 3. Let j = 15 - 22. Let z be y(j). What is the highest common factor of z and 2?
2
Suppose -5*n + 252 = -323. Suppose 3*l = 4*d + d - n, -d + 4*l = -40. What is the greatest common divisor of 5 and d?
5
Suppose 1 = -o + 2*o. Let u(i) = -8*i - i**2 + o + i**2 + i**2. Let h be u(8). What is the highest common divisor of 1 and h?
1
Let g be -2 - (0/(-2) - 4). Suppose -w = -z - 3*w + 70, g*w = 10. What is the highest common factor of z and 30?
30
Suppose 89 + 23 = -4*x. Let c be (x/(-12))/(2/78). Calculate the greatest common factor of 13 and c.
13
Suppose -1217 = -5*v - 2*m + m, 0 = -4*m - 12. Let l = -167 + v. What is the highest common divisor of 7 and l?
7
Let m be (-60)/8*(-6)/5. Calculate the greatest common factor of 72 and m.
9
Let k(w) = -w + 1. Let v be k(-4). Suppose 15 = v*o - 25. Let g be ((-10)/o)/((-6)/144). Calculate the highest common divisor of g and 10.
10
Suppose 0*m - 2*y = -4*m - 14, -5*m = -2*y + 16. Let s(h) = 2*h**2 + 2. Let i be s(m). What is the greatest common factor of i and 15?
5
Let v = 42 + -9. Let h be 2 + (0 - -2 - 3). Let o(x) = 23*x**3 - 1. Let a be o(h). What is the highest common divisor of a and v?
11
Suppose 0*u - 2*d + 110 = 4*u, -3*u - 4*d = -70. Suppose -2*g - 2*k + u = -0*k, -4*k = g - 24. What is the highest common factor of g and 4?
4
Let c(i) = 2*i - 2. Let t be c(2). Let y be 1*(t - -1) + -2. Let o = 2 + y. What is the highest common factor of 6 and o?
3
Suppose -4*j + 64 = -0*j. Suppose l + 3*l = j. Calculate the highest common divisor of 16 and l.
4
Let n = 243 + -122. Let u(l) = l**3 + 3*l**2 - 5*l - 4. Let t = 1 - 4. Let x be u(t). Calculate the highest common divisor of n and x.
11
Let r = 47 + 118. Suppose 52 = 5*k + 3*j - 284, -4*k - 2*j = -268. Calculate the greatest common factor of r and k.
33
Let g be 1 - (-1 - -1 - 2). Let q be 1 - (-3 + 2) - 1. Let w be 2 + (q + -4)/g. What is the highest common factor of 9 and w?
1
Let p(v) = -39*v + 1. Let o be p(-9). What is the greatest common divisor of o and 32?
32
Let q be 0 + (-2 - -2)/2. Suppose -4*g - g + 75 = q. Calculate the greatest common divisor of g and 165.
15
Let y be -94*(3 - (-5)/(-2)). Let x(p) = -4*p**3 - 5*p**2 - 3*p - 1. Let g be x(-3). Let k = y + g. What is the greatest common divisor of 96 and k?
24
Let l = -19 - -51. Let j = l - 4. What is the greatest common factor of j and 14?
14
Let t be (2/(-6))/((-3)/180). Calculate the highest common factor of 180 and t.
20
Let v = 6 + 4. Suppose 0 = c - v + 2. Calculate the greatest common divisor of c and 2.
2
Let j = -70 + 103. Suppose -v - v - m = 1, 20 = 5*v - 2*m. Suppose -3 = -v*p + 3. What is the greatest common divisor of j and p?
3
Suppose 0 = 2*n - 6*n + 4. Suppose 1 = 4*g - 3*w, g - 5*w 